{"id":919,"date":"2020-03-22T13:59:17","date_gmt":"2020-03-22T12:59:17","guid":{"rendered":"http:\/\/kindergarten-st-konrad.de\/?page_id=919"},"modified":"2025-02-05T12:30:55","modified_gmt":"2025-02-05T11:30:55","slug":"notbetreung-wird-ausgeweitet","status":"publish","type":"page","link":"http:\/\/kindergarten-st-konrad.de\/","title":{"rendered":"Aktuelles"},"content":{"rendered":"\n<p><\/p>\n\n\n\n<p><strong>Anmeldung<\/strong><\/p>\n\n\n\n<p>Gerne k\u00f6nnen Sie Ihr Kind \u00fcber den Kita-Finder der Stadt Ingolstadt bei uns  anmelden.<\/p>\n\n\n\n<p>Informationen \u00fcber unseren Kindergarten und unsere Krippe finden Sie auch dort im Kitafinder (www.ingolstadt.de\/kitafinder).<\/p>\n\n\n\n<p><strong><span style=\"text-decoration: underline;\">Tag der offenen T\u00fcr<\/span><\/strong><\/p>\n\n\n\n<p>Im Januar jeden Jahres findet der Tag der offenen T\u00fcr in unserer Kita statt. Hier k\u00f6nnen Sie gemeinsam mit Ihrem Kind unsere Einrichtung besichtigen.<\/p>\n\n\n\n<p>Den genauen Termin entnehmen Sie der Seite der Stadt Ingolstadt &#8211; Kindertageseinrichtungen.<\/p>\n\n\n\n<p><\/p>\n\n\n\n<p><\/p>\n","protected":false},"excerpt":{"rendered":"<p>Anmeldung Gerne k\u00f6nnen Sie Ihr Kind \u00fcber den Kita-Finder der Stadt Ingolstadt bei uns anmelden. Informationen \u00fcber unseren Kindergarten und unsere Krippe finden Sie auch dort im Kitafinder (www.ingolstadt.de\/kitafinder). Tag der offenen T\u00fcr Im Januar jeden Jahres findet der Tag der offenen T\u00fcr in unserer Kita statt. Hier k\u00f6nnen Sie gemeinsam mit Ihrem Kind unsere [&hellip;]<\/p>\n","protected":false},"author":1,"featured_media":0,"parent":0,"menu_order":0,"comment_status":"closed","ping_status":"closed","template":"","meta":{"jetpack_post_was_ever_published":false,"footnotes":""},"class_list":["post-919","page","type-page","status-publish","hentry"],"jetpack_sharing_enabled":true,"jetpack_shortlink":"https:\/\/wp.me\/P7HeSw-eP","_links":{"self":[{"href":"http:\/\/kindergarten-st-konrad.de\/index.php?rest_route=\/wp\/v2\/pages\/919","targetHints":{"allow":["GET"]}}],"collection":[{"href":"http:\/\/kindergarten-st-konrad.de\/index.php?rest_route=\/wp\/v2\/pages"}],"about":[{"href":"http:\/\/kindergarten-st-konrad.de\/index.php?rest_route=\/wp\/v2\/types\/page"}],"author":[{"embeddable":true,"href":"http:\/\/kindergarten-st-konrad.de\/index.php?rest_route=\/wp\/v2\/users\/1"}],"replies":[{"embeddable":true,"href":"http:\/\/kindergarten-st-konrad.de\/index.php?rest_route=%2Fwp%2Fv2%2Fcomments&post=919"}],"version-history":[{"count":66,"href":"http:\/\/kindergarten-st-konrad.de\/index.php?rest_route=\/wp\/v2\/pages\/919\/revisions"}],"predecessor-version":[{"id":1622,"href":"http:\/\/kindergarten-st-konrad.de\/index.php?rest_route=\/wp\/v2\/pages\/919\/revisions\/1622"}],"wp:attachment":[{"href":"http:\/\/kindergarten-st-konrad.de\/index.php?rest_route=%2Fwp%2Fv2%2Fmedia&parent=919"}],"curies":[{"name":"wp","href":"https:\/\/api.w.org\/{rel}","templated":true}]}}