{"id":57,"date":"2016-07-05T18:43:57","date_gmt":"2016-07-05T16:43:57","guid":{"rendered":"http:\/\/kindergarten-st-konrad.de\/wordpress\/?page_id=57"},"modified":"2020-12-21T11:03:14","modified_gmt":"2020-12-21T10:03:14","slug":"galerie","status":"publish","type":"page","link":"http:\/\/kindergarten-st-konrad.de\/?page_id=57","title":{"rendered":"Galerie Kindergarten"},"content":{"rendered":"\n<figure class=\"wp-block-image is-resized\"><img loading=\"lazy\" decoding=\"async\" src=\"http:\/\/kindergarten-st-konrad.de\/wp-content\/uploads\/2016\/07\/CIMG8227-1024x768.jpg\" alt=\"\" class=\"wp-image-229\" width=\"210\" height=\"158\" srcset=\"http:\/\/kindergarten-st-konrad.de\/wp-content\/uploads\/2016\/07\/CIMG8227-1024x768.jpg 1024w, http:\/\/kindergarten-st-konrad.de\/wp-content\/uploads\/2016\/07\/CIMG8227-300x225.jpg 300w, http:\/\/kindergarten-st-konrad.de\/wp-content\/uploads\/2016\/07\/CIMG8227-768x576.jpg 768w, http:\/\/kindergarten-st-konrad.de\/wp-content\/uploads\/2016\/07\/CIMG8227-900x675.jpg 900w, http:\/\/kindergarten-st-konrad.de\/wp-content\/uploads\/2016\/07\/CIMG8227-1280x960.jpg 1280w\" sizes=\"auto, (max-width: 210px) 100vw, 210px\" \/><figcaption>Unser Au\u00dfengel\u00e4nde l\u00e4dt gut beschattet durch unsere sch\u00f6nen B\u00e4ume zum Toben und Sandspielen ein.<\/figcaption><\/figure>\n\n\n\n<figure class=\"wp-block-image is-resized\"><img loading=\"lazy\" decoding=\"async\" src=\"http:\/\/kindergarten-st-konrad.de\/wp-content\/uploads\/2016\/07\/logo.png\" alt=\"\" class=\"wp-image-15\" width=\"212\" height=\"159\"\/><figcaption>Die S\u00fcdansicht des Kindergarten l\u00e4sst viel Licht und Sonne in die Gruppen, so dass wir viel Tageslicht auch in den Gruppenr\u00e4umen genie\u00dfen k\u00f6nnen. Eine Beschattung ist vorhanden und die B\u00e4ume des Tages spenden ebenfalls k\u00fchlere Bereiche.<\/figcaption><\/figure>\n\n\n\n<figure class=\"wp-block-image size-large\"><img loading=\"lazy\" decoding=\"async\" width=\"1024\" height=\"769\" src=\"http:\/\/kindergarten-st-konrad.de\/wp-content\/uploads\/2020\/12\/2019-01-KiGa-StKonrad-14-1024x769.jpg\" alt=\"\" class=\"wp-image-1307\" srcset=\"http:\/\/kindergarten-st-konrad.de\/wp-content\/uploads\/2020\/12\/2019-01-KiGa-StKonrad-14-1024x769.jpg 1024w, http:\/\/kindergarten-st-konrad.de\/wp-content\/uploads\/2020\/12\/2019-01-KiGa-StKonrad-14-300x225.jpg 300w, http:\/\/kindergarten-st-konrad.de\/wp-content\/uploads\/2020\/12\/2019-01-KiGa-StKonrad-14-768x576.jpg 768w, http:\/\/kindergarten-st-konrad.de\/wp-content\/uploads\/2020\/12\/2019-01-KiGa-StKonrad-14-900x676.jpg 900w, http:\/\/kindergarten-st-konrad.de\/wp-content\/uploads\/2020\/12\/2019-01-KiGa-StKonrad-14.jpg 1199w\" sizes=\"auto, (max-width: 1024px) 100vw, 1024px\" \/><figcaption>Der Eingangsbereich ist ansprechend und einladend gestaltet, so dass die Kinder sich bereits beim Ankommen wohlf\u00fchlen k\u00f6nnen.<\/figcaption><\/figure>\n\n\n\n<figure class=\"wp-block-image size-large\"><img loading=\"lazy\" decoding=\"async\" width=\"769\" height=\"1024\" src=\"http:\/\/kindergarten-st-konrad.de\/wp-content\/uploads\/2020\/12\/2019-01-KiGa-StKonrad-4-769x1024.jpg\" alt=\"\" class=\"wp-image-1308\" srcset=\"http:\/\/kindergarten-st-konrad.de\/wp-content\/uploads\/2020\/12\/2019-01-KiGa-StKonrad-4-769x1024.jpg 769w, http:\/\/kindergarten-st-konrad.de\/wp-content\/uploads\/2020\/12\/2019-01-KiGa-StKonrad-4-225x300.jpg 225w, http:\/\/kindergarten-st-konrad.de\/wp-content\/uploads\/2020\/12\/2019-01-KiGa-StKonrad-4-768x1023.jpg 768w, http:\/\/kindergarten-st-konrad.de\/wp-content\/uploads\/2020\/12\/2019-01-KiGa-StKonrad-4.jpg 900w\" sizes=\"auto, (max-width: 769px) 100vw, 769px\" \/><figcaption>In unserem Schlafraum findet die Kinder Entspannung und Ruhe. Sie d\u00fcrfen dort auch gerne ihren Mittagsschlaf halten.<\/figcaption><\/figure>\n\n\n\n<figure class=\"wp-block-image size-large\"><img loading=\"lazy\" decoding=\"async\" width=\"1024\" height=\"769\" src=\"http:\/\/kindergarten-st-konrad.de\/wp-content\/uploads\/2020\/12\/2019-01-KiGa-StKonrad-11-1024x769.jpg\" alt=\"\" class=\"wp-image-1313\" srcset=\"http:\/\/kindergarten-st-konrad.de\/wp-content\/uploads\/2020\/12\/2019-01-KiGa-StKonrad-11-1024x769.jpg 1024w, http:\/\/kindergarten-st-konrad.de\/wp-content\/uploads\/2020\/12\/2019-01-KiGa-StKonrad-11-300x225.jpg 300w, http:\/\/kindergarten-st-konrad.de\/wp-content\/uploads\/2020\/12\/2019-01-KiGa-StKonrad-11-768x576.jpg 768w, http:\/\/kindergarten-st-konrad.de\/wp-content\/uploads\/2020\/12\/2019-01-KiGa-StKonrad-11-900x676.jpg 900w, http:\/\/kindergarten-st-konrad.de\/wp-content\/uploads\/2020\/12\/2019-01-KiGa-StKonrad-11.jpg 1199w\" sizes=\"auto, (max-width: 1024px) 100vw, 1024px\" \/><figcaption>Am runden Tisch findet das gemeinsame Essen statt sowohl zum Fr\u00fchst\u00fcck als auch zum Mittagessen.<\/figcaption><\/figure>\n\n\n\n<figure class=\"wp-block-image size-large\"><img loading=\"lazy\" decoding=\"async\" width=\"863\" height=\"400\" src=\"http:\/\/kindergarten-st-konrad.de\/wp-content\/uploads\/2020\/12\/Puppenwohnung-1.png\" alt=\"\" class=\"wp-image-1318\" srcset=\"http:\/\/kindergarten-st-konrad.de\/wp-content\/uploads\/2020\/12\/Puppenwohnung-1.png 863w, http:\/\/kindergarten-st-konrad.de\/wp-content\/uploads\/2020\/12\/Puppenwohnung-1-300x139.png 300w, http:\/\/kindergarten-st-konrad.de\/wp-content\/uploads\/2020\/12\/Puppenwohnung-1-768x356.png 768w\" sizes=\"auto, (max-width: 863px) 100vw, 863px\" \/><figcaption>In den Puppenwohnungen der jeweiligen Gruppe spielen die Kinder gerne das Leben in der Familie mit Kochen, Backen und Aufr\u00e4umen.<\/figcaption><\/figure>\n\n\n\n<figure class=\"wp-block-image size-large\"><img loading=\"lazy\" decoding=\"async\" width=\"769\" height=\"1024\" src=\"http:\/\/kindergarten-st-konrad.de\/wp-content\/uploads\/2020\/12\/2019-01-KiGa-StKonrad-12-769x1024.jpg\" alt=\"\" class=\"wp-image-1315\" srcset=\"http:\/\/kindergarten-st-konrad.de\/wp-content\/uploads\/2020\/12\/2019-01-KiGa-StKonrad-12-769x1024.jpg 769w, http:\/\/kindergarten-st-konrad.de\/wp-content\/uploads\/2020\/12\/2019-01-KiGa-StKonrad-12-225x300.jpg 225w, http:\/\/kindergarten-st-konrad.de\/wp-content\/uploads\/2020\/12\/2019-01-KiGa-StKonrad-12-768x1023.jpg 768w, http:\/\/kindergarten-st-konrad.de\/wp-content\/uploads\/2020\/12\/2019-01-KiGa-StKonrad-12.jpg 900w\" sizes=\"auto, (max-width: 769px) 100vw, 769px\" \/><figcaption>Hier ist der geschm\u00fcckte Teppich zu sehen, den die Kinder f\u00fcr den Morgenkreis nutzen, danach wird dort gerne gepuzzelt, gelesen oder mit Magneten kreative Kunstwerke erbaut.<\/figcaption><\/figure>\n\n\n\n<figure class=\"wp-block-image size-large\"><img loading=\"lazy\" decoding=\"async\" width=\"843\" height=\"390\" src=\"http:\/\/kindergarten-st-konrad.de\/wp-content\/uploads\/2020\/12\/Maltisch.png\" alt=\"\" class=\"wp-image-1319\" srcset=\"http:\/\/kindergarten-st-konrad.de\/wp-content\/uploads\/2020\/12\/Maltisch.png 843w, http:\/\/kindergarten-st-konrad.de\/wp-content\/uploads\/2020\/12\/Maltisch-300x139.png 300w, http:\/\/kindergarten-st-konrad.de\/wp-content\/uploads\/2020\/12\/Maltisch-768x355.png 768w\" sizes=\"auto, (max-width: 843px) 100vw, 843px\" \/><figcaption>Jeder Gruppenraum ist mit einem Maltisch ausgestattet, der die Kreativit\u00e4t der Kinder fordert und f\u00f6rdert. Dort entstehen Gem\u00e4lde und Bastelarbeiten, die die Kinder f\u00fcr die Eltern mitnehmen d\u00fcrfen, aber auch den Gruppenraum gestalten.<\/figcaption><\/figure>\n\n\n\n<figure class=\"wp-block-image size-large\"><img loading=\"lazy\" decoding=\"async\" width=\"1024\" height=\"684\" src=\"http:\/\/kindergarten-st-konrad.de\/wp-content\/uploads\/2020\/12\/DSC09644-1024x684.jpg\" alt=\"\" class=\"wp-image-1323\" srcset=\"http:\/\/kindergarten-st-konrad.de\/wp-content\/uploads\/2020\/12\/DSC09644-1024x684.jpg 1024w, http:\/\/kindergarten-st-konrad.de\/wp-content\/uploads\/2020\/12\/DSC09644-300x200.jpg 300w, http:\/\/kindergarten-st-konrad.de\/wp-content\/uploads\/2020\/12\/DSC09644-768x513.jpg 768w, http:\/\/kindergarten-st-konrad.de\/wp-content\/uploads\/2020\/12\/DSC09644-1536x1026.jpg 1536w, http:\/\/kindergarten-st-konrad.de\/wp-content\/uploads\/2020\/12\/DSC09644-2048x1368.jpg 2048w, http:\/\/kindergarten-st-konrad.de\/wp-content\/uploads\/2020\/12\/DSC09644-900x601.jpg 900w, http:\/\/kindergarten-st-konrad.de\/wp-content\/uploads\/2020\/12\/DSC09644-1280x855.jpg 1280w\" sizes=\"auto, (max-width: 1024px) 100vw, 1024px\" \/><figcaption>Im Nebenraum k\u00f6nnen sich die Vorschulkinder mit ausgew\u00e4hlten Spielen und geplanten Aktivit\u00e4ten konzentriert besch\u00e4ftigen.<\/figcaption><\/figure>\n\n\n\n<figure class=\"wp-block-image size-large\"><img loading=\"lazy\" decoding=\"async\" width=\"1022\" height=\"331\" src=\"http:\/\/kindergarten-st-konrad.de\/wp-content\/uploads\/2020\/12\/Turnhalle.png\" alt=\"\" class=\"wp-image-1325\" srcset=\"http:\/\/kindergarten-st-konrad.de\/wp-content\/uploads\/2020\/12\/Turnhalle.png 1022w, http:\/\/kindergarten-st-konrad.de\/wp-content\/uploads\/2020\/12\/Turnhalle-300x97.png 300w, http:\/\/kindergarten-st-konrad.de\/wp-content\/uploads\/2020\/12\/Turnhalle-768x249.png 768w, http:\/\/kindergarten-st-konrad.de\/wp-content\/uploads\/2020\/12\/Turnhalle-900x291.png 900w\" sizes=\"auto, (max-width: 1022px) 100vw, 1022px\" \/><figcaption>Die gut ausgestattete Turnhalle bietet verschiedene M\u00f6glichkeiten sich psychomotorisch zu bet\u00e4tigen und die Fertigkeiten und F\u00e4higkeiten weiterzuentwickeln.<\/figcaption><\/figure>\n","protected":false},"excerpt":{"rendered":"","protected":false},"author":1,"featured_media":0,"parent":0,"menu_order":0,"comment_status":"closed","ping_status":"closed","template":"","meta":{"jetpack_post_was_ever_published":false,"footnotes":""},"class_list":["post-57","page","type-page","status-publish","hentry"],"jetpack_sharing_enabled":true,"jetpack_shortlink":"https:\/\/wp.me\/P7HeSw-V","_links":{"self":[{"href":"http:\/\/kindergarten-st-konrad.de\/index.php?rest_route=\/wp\/v2\/pages\/57","targetHints":{"allow":["GET"]}}],"collection":[{"href":"http:\/\/kindergarten-st-konrad.de\/index.php?rest_route=\/wp\/v2\/pages"}],"about":[{"href":"http:\/\/kindergarten-st-konrad.de\/index.php?rest_route=\/wp\/v2\/types\/page"}],"author":[{"embeddable":true,"href":"http:\/\/kindergarten-st-konrad.de\/index.php?rest_route=\/wp\/v2\/users\/1"}],"replies":[{"embeddable":true,"href":"http:\/\/kindergarten-st-konrad.de\/index.php?rest_route=%2Fwp%2Fv2%2Fcomments&post=57"}],"version-history":[{"count":10,"href":"http:\/\/kindergarten-st-konrad.de\/index.php?rest_route=\/wp\/v2\/pages\/57\/revisions"}],"predecessor-version":[{"id":1330,"href":"http:\/\/kindergarten-st-konrad.de\/index.php?rest_route=\/wp\/v2\/pages\/57\/revisions\/1330"}],"wp:attachment":[{"href":"http:\/\/kindergarten-st-konrad.de\/index.php?rest_route=%2Fwp%2Fv2%2Fmedia&parent=57"}],"curies":[{"name":"wp","href":"https:\/\/api.w.org\/{rel}","templated":true}]}}

<figure class="wp-block-image is-resized"><img loading="lazy" decoding="async" src="http://kindergarten-st-konrad.de/wp-content/uploads/2016/07/CIMG8227-1024x768.jpg" alt="" class="wp-image-229" width="210" height="158" srcset="http://kindergarten-st-konrad.de/wp-content/uploads/2016/07/CIMG8227-1024x768.jpg 1024w, http://kindergarten-st-konrad.de/wp-content/uploads/2016/07/CIMG8227-300x225.jpg 300w, http://kindergarten-st-konrad.de/wp-content/uploads/2016/07/CIMG8227-768x576.jpg 768w, http://kindergarten-st-konrad.de/wp-content/uploads/2016/07/CIMG8227-900x675.jpg 900w, http://kindergarten-st-konrad.de/wp-content/uploads/2016/07/CIMG8227-1280x960.jpg 1280w" sizes="auto, (max-width: 210px) 100vw, 210px" /><figcaption>Unser Außengelände lädt gut beschattet durch unsere schönen Bäume zum Toben und Sandspielen ein.</figcaption></figure>



<figure class="wp-block-image is-resized"><img loading="lazy" decoding="async" src="http://kindergarten-st-konrad.de/wp-content/uploads/2016/07/logo.png" alt="" class="wp-image-15" width="212" height="159"/><figcaption>Die Südansicht des Kindergarten lässt viel Licht und Sonne in die Gruppen, so dass wir viel Tageslicht auch in den Gruppenräumen genießen können. Eine Beschattung ist vorhanden und die Bäume des Tages spenden ebenfalls kühlere Bereiche.</figcaption></figure>



<figure class="wp-block-image size-large"><img loading="lazy" decoding="async" width="1024" height="769" src="http://kindergarten-st-konrad.de/wp-content/uploads/2020/12/2019-01-KiGa-StKonrad-14-1024x769.jpg" alt="" class="wp-image-1307" srcset="http://kindergarten-st-konrad.de/wp-content/uploads/2020/12/2019-01-KiGa-StKonrad-14-1024x769.jpg 1024w, http://kindergarten-st-konrad.de/wp-content/uploads/2020/12/2019-01-KiGa-StKonrad-14-300x225.jpg 300w, http://kindergarten-st-konrad.de/wp-content/uploads/2020/12/2019-01-KiGa-StKonrad-14-768x576.jpg 768w, http://kindergarten-st-konrad.de/wp-content/uploads/2020/12/2019-01-KiGa-StKonrad-14-900x676.jpg 900w, http://kindergarten-st-konrad.de/wp-content/uploads/2020/12/2019-01-KiGa-StKonrad-14.jpg 1199w" sizes="auto, (max-width: 1024px) 100vw, 1024px" /><figcaption>Der Eingangsbereich ist ansprechend und einladend gestaltet, so dass die Kinder sich bereits beim Ankommen wohlfühlen können.</figcaption></figure>



<figure class="wp-block-image size-large"><img loading="lazy" decoding="async" width="769" height="1024" src="http://kindergarten-st-konrad.de/wp-content/uploads/2020/12/2019-01-KiGa-StKonrad-4-769x1024.jpg" alt="" class="wp-image-1308" srcset="http://kindergarten-st-konrad.de/wp-content/uploads/2020/12/2019-01-KiGa-StKonrad-4-769x1024.jpg 769w, http://kindergarten-st-konrad.de/wp-content/uploads/2020/12/2019-01-KiGa-StKonrad-4-225x300.jpg 225w, http://kindergarten-st-konrad.de/wp-content/uploads/2020/12/2019-01-KiGa-StKonrad-4-768x1023.jpg 768w, http://kindergarten-st-konrad.de/wp-content/uploads/2020/12/2019-01-KiGa-StKonrad-4.jpg 900w" sizes="auto, (max-width: 769px) 100vw, 769px" /><figcaption>In unserem Schlafraum findet die Kinder Entspannung und Ruhe. Sie dürfen dort auch gerne ihren Mittagsschlaf halten.</figcaption></figure>



<figure class="wp-block-image size-large"><img loading="lazy" decoding="async" width="1024" height="769" src="http://kindergarten-st-konrad.de/wp-content/uploads/2020/12/2019-01-KiGa-StKonrad-11-1024x769.jpg" alt="" class="wp-image-1313" srcset="http://kindergarten-st-konrad.de/wp-content/uploads/2020/12/2019-01-KiGa-StKonrad-11-1024x769.jpg 1024w, http://kindergarten-st-konrad.de/wp-content/uploads/2020/12/2019-01-KiGa-StKonrad-11-300x225.jpg 300w, http://kindergarten-st-konrad.de/wp-content/uploads/2020/12/2019-01-KiGa-StKonrad-11-768x576.jpg 768w, http://kindergarten-st-konrad.de/wp-content/uploads/2020/12/2019-01-KiGa-StKonrad-11-900x676.jpg 900w, http://kindergarten-st-konrad.de/wp-content/uploads/2020/12/2019-01-KiGa-StKonrad-11.jpg 1199w" sizes="auto, (max-width: 1024px) 100vw, 1024px" /><figcaption>Am runden Tisch findet das gemeinsame Essen statt sowohl zum Frühstück als auch zum Mittagessen.</figcaption></figure>



<figure class="wp-block-image size-large"><img loading="lazy" decoding="async" width="863" height="400" src="http://kindergarten-st-konrad.de/wp-content/uploads/2020/12/Puppenwohnung-1.png" alt="" class="wp-image-1318" srcset="http://kindergarten-st-konrad.de/wp-content/uploads/2020/12/Puppenwohnung-1.png 863w, http://kindergarten-st-konrad.de/wp-content/uploads/2020/12/Puppenwohnung-1-300x139.png 300w, http://kindergarten-st-konrad.de/wp-content/uploads/2020/12/Puppenwohnung-1-768x356.png 768w" sizes="auto, (max-width: 863px) 100vw, 863px" /><figcaption>In den Puppenwohnungen der jeweiligen Gruppe spielen die Kinder gerne das Leben in der Familie mit Kochen, Backen und Aufräumen.</figcaption></figure>



<figure class="wp-block-image size-large"><img loading="lazy" decoding="async" width="769" height="1024" src="http://kindergarten-st-konrad.de/wp-content/uploads/2020/12/2019-01-KiGa-StKonrad-12-769x1024.jpg" alt="" class="wp-image-1315" srcset="http://kindergarten-st-konrad.de/wp-content/uploads/2020/12/2019-01-KiGa-StKonrad-12-769x1024.jpg 769w, http://kindergarten-st-konrad.de/wp-content/uploads/2020/12/2019-01-KiGa-StKonrad-12-225x300.jpg 225w, http://kindergarten-st-konrad.de/wp-content/uploads/2020/12/2019-01-KiGa-StKonrad-12-768x1023.jpg 768w, http://kindergarten-st-konrad.de/wp-content/uploads/2020/12/2019-01-KiGa-StKonrad-12.jpg 900w" sizes="auto, (max-width: 769px) 100vw, 769px" /><figcaption>Hier ist der geschmückte Teppich zu sehen, den die Kinder für den Morgenkreis nutzen, danach wird dort gerne gepuzzelt, gelesen oder mit Magneten kreative Kunstwerke erbaut.</figcaption></figure>



<figure class="wp-block-image size-large"><img loading="lazy" decoding="async" width="843" height="390" src="http://kindergarten-st-konrad.de/wp-content/uploads/2020/12/Maltisch.png" alt="" class="wp-image-1319" srcset="http://kindergarten-st-konrad.de/wp-content/uploads/2020/12/Maltisch.png 843w, http://kindergarten-st-konrad.de/wp-content/uploads/2020/12/Maltisch-300x139.png 300w, http://kindergarten-st-konrad.de/wp-content/uploads/2020/12/Maltisch-768x355.png 768w" sizes="auto, (max-width: 843px) 100vw, 843px" /><figcaption>Jeder Gruppenraum ist mit einem Maltisch ausgestattet, der die Kreativität der Kinder fordert und fördert. Dort entstehen Gemälde und Bastelarbeiten, die die Kinder für die Eltern mitnehmen dürfen, aber auch den Gruppenraum gestalten.</figcaption></figure>



<figure class="wp-block-image size-large"><img loading="lazy" decoding="async" width="1024" height="684" src="http://kindergarten-st-konrad.de/wp-content/uploads/2020/12/DSC09644-1024x684.jpg" alt="" class="wp-image-1323" srcset="http://kindergarten-st-konrad.de/wp-content/uploads/2020/12/DSC09644-1024x684.jpg 1024w, http://kindergarten-st-konrad.de/wp-content/uploads/2020/12/DSC09644-300x200.jpg 300w, http://kindergarten-st-konrad.de/wp-content/uploads/2020/12/DSC09644-768x513.jpg 768w, http://kindergarten-st-konrad.de/wp-content/uploads/2020/12/DSC09644-1536x1026.jpg 1536w, http://kindergarten-st-konrad.de/wp-content/uploads/2020/12/DSC09644-2048x1368.jpg 2048w, http://kindergarten-st-konrad.de/wp-content/uploads/2020/12/DSC09644-900x601.jpg 900w, http://kindergarten-st-konrad.de/wp-content/uploads/2020/12/DSC09644-1280x855.jpg 1280w" sizes="auto, (max-width: 1024px) 100vw, 1024px" /><figcaption>Im Nebenraum können sich die Vorschulkinder mit ausgewählten Spielen und geplanten Aktivitäten konzentriert beschäftigen.</figcaption></figure>



<figure class="wp-block-image size-large"><img loading="lazy" decoding="async" width="1022" height="331" src="http://kindergarten-st-konrad.de/wp-content/uploads/2020/12/Turnhalle.png" alt="" class="wp-image-1325" srcset="http://kindergarten-st-konrad.de/wp-content/uploads/2020/12/Turnhalle.png 1022w, http://kindergarten-st-konrad.de/wp-content/uploads/2020/12/Turnhalle-300x97.png 300w, http://kindergarten-st-konrad.de/wp-content/uploads/2020/12/Turnhalle-768x249.png 768w, http://kindergarten-st-konrad.de/wp-content/uploads/2020/12/Turnhalle-900x291.png 900w" sizes="auto, (max-width: 1022px) 100vw, 1022px" /><figcaption>Die gut ausgestattete Turnhalle bietet verschiedene Möglichkeiten sich psychomotorisch zu betätigen und die Fertigkeiten und Fähigkeiten weiterzuentwickeln.</figcaption></figure>
