{"id":51,"date":"2016-07-05T18:43:29","date_gmt":"2016-07-05T16:43:29","guid":{"rendered":"http:\/\/kindergarten-st-konrad.de\/wordpress\/?page_id=51"},"modified":"2020-10-20T10:46:17","modified_gmt":"2020-10-20T08:46:17","slug":"eltern","status":"publish","type":"page","link":"http:\/\/kindergarten-st-konrad.de\/?page_id=51","title":{"rendered":"Eltern"},"content":{"rendered":"<p><em><strong><span style=\"color: #ff9900;\">Die Eltern werden in der Verantwortung f\u00fcr die Erziehung ihrer Kinder unterst\u00fctzt: <\/span><\/strong><br \/>\n<\/em><em><u><br \/>\n<\/u><\/em>Die Erziehung von Kindern stellt Eltern heute vor gro\u00dfe Aufgaben. Kinder brauchen pers\u00f6nlichen Einsatz, Zeit und Geld. Durch unser Bildungs-, Erziehungs- und Betreuungsangebot erg\u00e4nzen wir die Erziehung in der Familie und erleichtern die Vereinbarkeit von Familie und Beruf. \u00dcber regelm\u00e4\u00dfige Elternbefragungen kennen wir die Unterst\u00fctzungsw\u00fcnsche der Eltern und pflegen einen offenen und vertrauensvollen Umgang mit allen Eltern.<\/p>\n<p><strong><span style=\"color: #ff9900;\">Die Eltern sind \u00fcber die Entwicklung ihres Kindes informiert: <\/span><\/strong><\/p>\n<p>\u00ac durch \u201eT\u00fcr- und Angelgespr\u00e4che\u201c<br \/>\n\u00ac durch Eingew\u00f6hnungs- und Jahresentwicklungsgespr\u00e4che<br \/>\n\u00ac durch Information zu Unterst\u00fctzung und Beratung<br \/>\n<span style=\"color: #ff9900;\"><strong>Die Eltern sind \u00fcber unsere p\u00e4dagogische Arbeit informiert:<\/strong><\/span><\/p>\n<p>\u00ac durch Informationen an den Pinnw\u00e4nden vor der Gruppe<br \/>\n\u00ac durch unseren Elternbrief \u201eKonradi\u201c und besondere Einladungen<br \/>\n\u00ac durch den Elternkalender<br \/>\n\u00ac durch Elternabende<br \/>\n\u00ac durch Elternbesuchstage<br \/>\n\u00ac durch die Elternzeitschrift \u201eMobile\u201c<\/p>\n<p><span style=\"color: #ff9900;\"><strong>Unser Kindergarten gibt Ihnen M\u00f6glichkeiten zum <\/strong><\/span><br \/>\n<span style=\"color: #ff9900;\"><strong> Austausch mit anderen Familien:<\/strong> <\/span><\/p>\n<p>\u00ac durch unser Kennenlerncaf\u00e9<br \/>\n\u00ac durch Feste, Feiern und Gottesdienste<br \/>\n\u00ac durch Gartenaktionen<br \/>\n\u00ac durch Bastelangebote<br \/>\n<span style=\"color: #ff9900;\"><strong>Aktive Unterst\u00fctzung erfahren wir durch den Elternbeirat. Als Bindeglied zwischen Eltern, Team und Tr\u00e4ger kommt ihm eine wichtige Bedeutung zu:<\/strong> <\/span><\/p>\n<p>\u00ac regelm\u00e4\u00dfige Besprechungen<br \/>\n\u00ac Informationen und Beratung \u00fcber p\u00e4dagogische und organisatorische Inhalte<br \/>\n\u00ac Aktionen wie Familienbrunch, Faschingsfeier,\u2026<\/p>\n","protected":false},"excerpt":{"rendered":"<p>Die Eltern werden in der Verantwortung f\u00fcr die Erziehung ihrer Kinder unterst\u00fctzt: Die Erziehung von Kindern stellt Eltern heute vor gro\u00dfe Aufgaben. Kinder brauchen pers\u00f6nlichen Einsatz, Zeit und Geld. Durch unser Bildungs-, Erziehungs- und Betreuungsangebot erg\u00e4nzen wir die Erziehung in der Familie und erleichtern die Vereinbarkeit von Familie und Beruf. \u00dcber regelm\u00e4\u00dfige Elternbefragungen kennen wir [&hellip;]<\/p>\n","protected":false},"author":1,"featured_media":0,"parent":0,"menu_order":0,"comment_status":"closed","ping_status":"closed","template":"","meta":{"jetpack_post_was_ever_published":false,"footnotes":""},"class_list":["post-51","page","type-page","status-publish","hentry"],"jetpack_sharing_enabled":true,"jetpack_shortlink":"https:\/\/wp.me\/P7HeSw-P","_links":{"self":[{"href":"http:\/\/kindergarten-st-konrad.de\/index.php?rest_route=\/wp\/v2\/pages\/51","targetHints":{"allow":["GET"]}}],"collection":[{"href":"http:\/\/kindergarten-st-konrad.de\/index.php?rest_route=\/wp\/v2\/pages"}],"about":[{"href":"http:\/\/kindergarten-st-konrad.de\/index.php?rest_route=\/wp\/v2\/types\/page"}],"author":[{"embeddable":true,"href":"http:\/\/kindergarten-st-konrad.de\/index.php?rest_route=\/wp\/v2\/users\/1"}],"replies":[{"embeddable":true,"href":"http:\/\/kindergarten-st-konrad.de\/index.php?rest_route=%2Fwp%2Fv2%2Fcomments&post=51"}],"version-history":[{"count":5,"href":"http:\/\/kindergarten-st-konrad.de\/index.php?rest_route=\/wp\/v2\/pages\/51\/revisions"}],"predecessor-version":[{"id":1196,"href":"http:\/\/kindergarten-st-konrad.de\/index.php?rest_route=\/wp\/v2\/pages\/51\/revisions\/1196"}],"wp:attachment":[{"href":"http:\/\/kindergarten-st-konrad.de\/index.php?rest_route=%2Fwp%2Fv2%2Fmedia&parent=51"}],"curies":[{"name":"wp","href":"https:\/\/api.w.org\/{rel}","templated":true}]}}