{"id":39,"date":"2016-07-05T18:42:33","date_gmt":"2016-07-05T16:42:33","guid":{"rendered":"http:\/\/kindergarten-st-konrad.de\/wordpress\/?page_id=39"},"modified":"2025-01-16T14:07:38","modified_gmt":"2025-01-16T13:07:38","slug":"gebuehren","status":"publish","type":"page","link":"http:\/\/kindergarten-st-konrad.de\/?page_id=39","title":{"rendered":"Geb\u00fchren"},"content":{"rendered":"<p><span style=\"color: #ff9900;\"><strong><em>Elternbeitr\u00e4ge Kinderkrippe gestaffelt ab 01.09.2025<br \/><\/em><\/strong><\/span><\/p>\n<p>Der Elternbeitrag errechnet sich aus dem Wochendurchschnitt der Betreuungszeit Ihres Kindes und wird jeweils am 15. eines Monats per Lastschrift von Ihrem Konto abgebucht.<\/p>\n<p>Gebuchte Stunden<br \/>bis zu 20 Stunden: 255\u20ac<br \/>bis zu 25 Stunden: 281\u20ac<br \/>bis zu 30 Stunden: 307\u20ac<br \/>bis zu 35 Stunden: 333\u20ac<br \/>bis zu 40 Stunden: 359\u20ac<br \/>bis zu 45 Stunden: 385\u20ac<\/p>\n<p><u><br \/><\/u><span style=\"color: #ff9900;\"><em>Sonstige Kosten<\/em><em>: <\/em><\/span><\/p>\n<p>einmalige Anmeldegeb\u00fchr 15,- \u20ac<br \/>Mittagessen 4,50 \u20ac t\u00e4glich &#8211; Taggenaue Abrechnung<\/p>\n<p>Kita-App: j\u00e4hrlicher Beitrag 12.-\u20ac<\/p>\n\n\n<p>Die Elternbeitr\u00e4ge sind f\u00fcr 12 Monate von September bis einschlie\u00dflich August zu entrichten.<\/p>\n","protected":false},"excerpt":{"rendered":"<p>Elternbeitr\u00e4ge Kinderkrippe gestaffelt ab 01.09.2025 Der Elternbeitrag errechnet sich aus dem Wochendurchschnitt der Betreuungszeit Ihres Kindes und wird jeweils am 15. eines Monats per Lastschrift von Ihrem Konto abgebucht. Gebuchte Stundenbis zu 20 Stunden: 255\u20acbis zu 25 Stunden: 281\u20acbis zu 30 Stunden: 307\u20acbis zu 35 Stunden: 333\u20acbis zu 40 Stunden: 359\u20acbis zu 45 Stunden: 385\u20ac [&hellip;]<\/p>\n","protected":false},"author":1,"featured_media":0,"parent":0,"menu_order":0,"comment_status":"closed","ping_status":"closed","template":"","meta":{"jetpack_post_was_ever_published":false,"footnotes":""},"class_list":["post-39","page","type-page","status-publish","hentry"],"jetpack_sharing_enabled":true,"jetpack_shortlink":"https:\/\/wp.me\/P7HeSw-D","_links":{"self":[{"href":"http:\/\/kindergarten-st-konrad.de\/index.php?rest_route=\/wp\/v2\/pages\/39","targetHints":{"allow":["GET"]}}],"collection":[{"href":"http:\/\/kindergarten-st-konrad.de\/index.php?rest_route=\/wp\/v2\/pages"}],"about":[{"href":"http:\/\/kindergarten-st-konrad.de\/index.php?rest_route=\/wp\/v2\/types\/page"}],"author":[{"embeddable":true,"href":"http:\/\/kindergarten-st-konrad.de\/index.php?rest_route=\/wp\/v2\/users\/1"}],"replies":[{"embeddable":true,"href":"http:\/\/kindergarten-st-konrad.de\/index.php?rest_route=%2Fwp%2Fv2%2Fcomments&post=39"}],"version-history":[{"count":13,"href":"http:\/\/kindergarten-st-konrad.de\/index.php?rest_route=\/wp\/v2\/pages\/39\/revisions"}],"predecessor-version":[{"id":1620,"href":"http:\/\/kindergarten-st-konrad.de\/index.php?rest_route=\/wp\/v2\/pages\/39\/revisions\/1620"}],"wp:attachment":[{"href":"http:\/\/kindergarten-st-konrad.de\/index.php?rest_route=%2Fwp%2Fv2%2Fmedia&parent=39"}],"curies":[{"name":"wp","href":"https:\/\/api.w.org\/{rel}","templated":true}]}}