{"id":1331,"date":"2020-12-21T11:49:59","date_gmt":"2020-12-21T10:49:59","guid":{"rendered":"http:\/\/kindergarten-st-konrad.de\/?page_id=1331"},"modified":"2020-12-21T11:49:59","modified_gmt":"2020-12-21T10:49:59","slug":"galerie-kinderkrippe","status":"publish","type":"page","link":"http:\/\/kindergarten-st-konrad.de\/?page_id=1331","title":{"rendered":"Galerie Kinderkrippe"},"content":{"rendered":"\n<figure class=\"wp-block-image size-large\"><img loading=\"lazy\" decoding=\"async\" width=\"1024\" height=\"684\" src=\"http:\/\/kindergarten-st-konrad.de\/wp-content\/uploads\/2020\/12\/DSC09664-1024x684.jpg\" alt=\"\" class=\"wp-image-1342\" srcset=\"http:\/\/kindergarten-st-konrad.de\/wp-content\/uploads\/2020\/12\/DSC09664-1024x684.jpg 1024w, http:\/\/kindergarten-st-konrad.de\/wp-content\/uploads\/2020\/12\/DSC09664-300x200.jpg 300w, http:\/\/kindergarten-st-konrad.de\/wp-content\/uploads\/2020\/12\/DSC09664-768x513.jpg 768w, http:\/\/kindergarten-st-konrad.de\/wp-content\/uploads\/2020\/12\/DSC09664-1536x1026.jpg 1536w, http:\/\/kindergarten-st-konrad.de\/wp-content\/uploads\/2020\/12\/DSC09664-2048x1368.jpg 2048w, http:\/\/kindergarten-st-konrad.de\/wp-content\/uploads\/2020\/12\/DSC09664-900x601.jpg 900w, http:\/\/kindergarten-st-konrad.de\/wp-content\/uploads\/2020\/12\/DSC09664-1280x855.jpg 1280w\" sizes=\"auto, (max-width: 1024px) 100vw, 1024px\" \/><figcaption>Fr\u00f6hlich und bunt ist die Kinderkrippe gestaltet, damit sich die Kleinsten wohlf\u00fchlen.<\/figcaption><\/figure>\n\n\n\n<figure class=\"wp-block-image size-large\"><img loading=\"lazy\" decoding=\"async\" width=\"1024\" height=\"684\" src=\"http:\/\/kindergarten-st-konrad.de\/wp-content\/uploads\/2020\/12\/DSC09667-1024x684.jpg\" alt=\"\" class=\"wp-image-1343\" srcset=\"http:\/\/kindergarten-st-konrad.de\/wp-content\/uploads\/2020\/12\/DSC09667-1024x684.jpg 1024w, http:\/\/kindergarten-st-konrad.de\/wp-content\/uploads\/2020\/12\/DSC09667-300x200.jpg 300w, http:\/\/kindergarten-st-konrad.de\/wp-content\/uploads\/2020\/12\/DSC09667-768x513.jpg 768w, http:\/\/kindergarten-st-konrad.de\/wp-content\/uploads\/2020\/12\/DSC09667-1536x1026.jpg 1536w, http:\/\/kindergarten-st-konrad.de\/wp-content\/uploads\/2020\/12\/DSC09667-2048x1368.jpg 2048w, http:\/\/kindergarten-st-konrad.de\/wp-content\/uploads\/2020\/12\/DSC09667-900x601.jpg 900w, http:\/\/kindergarten-st-konrad.de\/wp-content\/uploads\/2020\/12\/DSC09667-1280x855.jpg 1280w\" sizes=\"auto, (max-width: 1024px) 100vw, 1024px\" \/><figcaption>Die s\u00fcdliche Ausrichtung erlaubt es bei viel Tageslicht die Zeit in der Krippe zu genie\u00dfen und mit den anderen Kindern unbeschwert zu toben und zu lernen.<\/figcaption><\/figure>\n\n\n\n<figure class=\"wp-block-image size-large\"><img loading=\"lazy\" decoding=\"async\" width=\"1024\" height=\"769\" src=\"http:\/\/kindergarten-st-konrad.de\/wp-content\/uploads\/2020\/12\/2019-01-KiGa-StKonrad-15-1024x769.jpg\" alt=\"\" class=\"wp-image-1334\" srcset=\"http:\/\/kindergarten-st-konrad.de\/wp-content\/uploads\/2020\/12\/2019-01-KiGa-StKonrad-15-1024x769.jpg 1024w, http:\/\/kindergarten-st-konrad.de\/wp-content\/uploads\/2020\/12\/2019-01-KiGa-StKonrad-15-300x225.jpg 300w, http:\/\/kindergarten-st-konrad.de\/wp-content\/uploads\/2020\/12\/2019-01-KiGa-StKonrad-15-768x576.jpg 768w, http:\/\/kindergarten-st-konrad.de\/wp-content\/uploads\/2020\/12\/2019-01-KiGa-StKonrad-15-900x676.jpg 900w, http:\/\/kindergarten-st-konrad.de\/wp-content\/uploads\/2020\/12\/2019-01-KiGa-StKonrad-15.jpg 1199w\" sizes=\"auto, (max-width: 1024px) 100vw, 1024px\" \/><figcaption>Fr\u00fch \u00fcbt sich, wer Meister werden m\u00f6chte und daher sind bereits die Kleinen zur Kreativit\u00e4t angehalten und werden fachkundig unterst\u00fctzt.<\/figcaption><\/figure>\n\n\n\n<figure class=\"wp-block-image size-large\"><img loading=\"lazy\" decoding=\"async\" width=\"1024\" height=\"769\" src=\"http:\/\/kindergarten-st-konrad.de\/wp-content\/uploads\/2020\/12\/2019-01-KiGa-StKonrad-19-1024x769.jpg\" alt=\"\" class=\"wp-image-1335\" srcset=\"http:\/\/kindergarten-st-konrad.de\/wp-content\/uploads\/2020\/12\/2019-01-KiGa-StKonrad-19-1024x769.jpg 1024w, http:\/\/kindergarten-st-konrad.de\/wp-content\/uploads\/2020\/12\/2019-01-KiGa-StKonrad-19-300x225.jpg 300w, http:\/\/kindergarten-st-konrad.de\/wp-content\/uploads\/2020\/12\/2019-01-KiGa-StKonrad-19-768x576.jpg 768w, http:\/\/kindergarten-st-konrad.de\/wp-content\/uploads\/2020\/12\/2019-01-KiGa-StKonrad-19-900x676.jpg 900w, http:\/\/kindergarten-st-konrad.de\/wp-content\/uploads\/2020\/12\/2019-01-KiGa-StKonrad-19.jpg 1199w\" sizes=\"auto, (max-width: 1024px) 100vw, 1024px\" \/><figcaption>Hygieneerziehung und Selbst\u00e4ndigkeit werden auch in der Krippe bereits gelehrt und ge\u00fcbt. <\/figcaption><\/figure>\n\n\n\n<figure class=\"wp-block-image size-large\"><img loading=\"lazy\" decoding=\"async\" width=\"1024\" height=\"769\" src=\"http:\/\/kindergarten-st-konrad.de\/wp-content\/uploads\/2020\/12\/2019-01-KiGa-StKonrad-18-1024x769.jpg\" alt=\"\" class=\"wp-image-1336\" srcset=\"http:\/\/kindergarten-st-konrad.de\/wp-content\/uploads\/2020\/12\/2019-01-KiGa-StKonrad-18-1024x769.jpg 1024w, http:\/\/kindergarten-st-konrad.de\/wp-content\/uploads\/2020\/12\/2019-01-KiGa-StKonrad-18-300x225.jpg 300w, http:\/\/kindergarten-st-konrad.de\/wp-content\/uploads\/2020\/12\/2019-01-KiGa-StKonrad-18-768x576.jpg 768w, http:\/\/kindergarten-st-konrad.de\/wp-content\/uploads\/2020\/12\/2019-01-KiGa-StKonrad-18-900x676.jpg 900w, http:\/\/kindergarten-st-konrad.de\/wp-content\/uploads\/2020\/12\/2019-01-KiGa-StKonrad-18.jpg 1199w\" sizes=\"auto, (max-width: 1024px) 100vw, 1024px\" \/><figcaption>Entspannung und Ruhe finden die Kleinsten im Schlafraum, der abgedunkelt werden kann und pers\u00f6nlich begleitet wird.<\/figcaption><\/figure>\n\n\n\n<p><\/p>\n","protected":false},"excerpt":{"rendered":"","protected":false},"author":1,"featured_media":0,"parent":0,"menu_order":0,"comment_status":"closed","ping_status":"closed","template":"","meta":{"jetpack_post_was_ever_published":false,"footnotes":""},"class_list":["post-1331","page","type-page","status-publish","hentry"],"jetpack_sharing_enabled":true,"jetpack_shortlink":"https:\/\/wp.me\/P7HeSw-lt","_links":{"self":[{"href":"http:\/\/kindergarten-st-konrad.de\/index.php?rest_route=\/wp\/v2\/pages\/1331","targetHints":{"allow":["GET"]}}],"collection":[{"href":"http:\/\/kindergarten-st-konrad.de\/index.php?rest_route=\/wp\/v2\/pages"}],"about":[{"href":"http:\/\/kindergarten-st-konrad.de\/index.php?rest_route=\/wp\/v2\/types\/page"}],"author":[{"embeddable":true,"href":"http:\/\/kindergarten-st-konrad.de\/index.php?rest_route=\/wp\/v2\/users\/1"}],"replies":[{"embeddable":true,"href":"http:\/\/kindergarten-st-konrad.de\/index.php?rest_route=%2Fwp%2Fv2%2Fcomments&post=1331"}],"version-history":[{"count":4,"href":"http:\/\/kindergarten-st-konrad.de\/index.php?rest_route=\/wp\/v2\/pages\/1331\/revisions"}],"predecessor-version":[{"id":1344,"href":"http:\/\/kindergarten-st-konrad.de\/index.php?rest_route=\/wp\/v2\/pages\/1331\/revisions\/1344"}],"wp:attachment":[{"href":"http:\/\/kindergarten-st-konrad.de\/index.php?rest_route=%2Fwp%2Fv2%2Fmedia&parent=1331"}],"curies":[{"name":"wp","href":"https:\/\/api.w.org\/{rel}","templated":true}]}}

<figure class="wp-block-image size-large"><img loading="lazy" decoding="async" width="1024" height="684" src="http://kindergarten-st-konrad.de/wp-content/uploads/2020/12/DSC09664-1024x684.jpg" alt="" class="wp-image-1342" srcset="http://kindergarten-st-konrad.de/wp-content/uploads/2020/12/DSC09664-1024x684.jpg 1024w, http://kindergarten-st-konrad.de/wp-content/uploads/2020/12/DSC09664-300x200.jpg 300w, http://kindergarten-st-konrad.de/wp-content/uploads/2020/12/DSC09664-768x513.jpg 768w, http://kindergarten-st-konrad.de/wp-content/uploads/2020/12/DSC09664-1536x1026.jpg 1536w, http://kindergarten-st-konrad.de/wp-content/uploads/2020/12/DSC09664-2048x1368.jpg 2048w, http://kindergarten-st-konrad.de/wp-content/uploads/2020/12/DSC09664-900x601.jpg 900w, http://kindergarten-st-konrad.de/wp-content/uploads/2020/12/DSC09664-1280x855.jpg 1280w" sizes="auto, (max-width: 1024px) 100vw, 1024px" /><figcaption>Fröhlich und bunt ist die Kinderkrippe gestaltet, damit sich die Kleinsten wohlfühlen.</figcaption></figure>



<figure class="wp-block-image size-large"><img loading="lazy" decoding="async" width="1024" height="684" src="http://kindergarten-st-konrad.de/wp-content/uploads/2020/12/DSC09667-1024x684.jpg" alt="" class="wp-image-1343" srcset="http://kindergarten-st-konrad.de/wp-content/uploads/2020/12/DSC09667-1024x684.jpg 1024w, http://kindergarten-st-konrad.de/wp-content/uploads/2020/12/DSC09667-300x200.jpg 300w, http://kindergarten-st-konrad.de/wp-content/uploads/2020/12/DSC09667-768x513.jpg 768w, http://kindergarten-st-konrad.de/wp-content/uploads/2020/12/DSC09667-1536x1026.jpg 1536w, http://kindergarten-st-konrad.de/wp-content/uploads/2020/12/DSC09667-2048x1368.jpg 2048w, http://kindergarten-st-konrad.de/wp-content/uploads/2020/12/DSC09667-900x601.jpg 900w, http://kindergarten-st-konrad.de/wp-content/uploads/2020/12/DSC09667-1280x855.jpg 1280w" sizes="auto, (max-width: 1024px) 100vw, 1024px" /><figcaption>Die südliche Ausrichtung erlaubt es bei viel Tageslicht die Zeit in der Krippe zu genießen und mit den anderen Kindern unbeschwert zu toben und zu lernen.</figcaption></figure>



<figure class="wp-block-image size-large"><img loading="lazy" decoding="async" width="1024" height="769" src="http://kindergarten-st-konrad.de/wp-content/uploads/2020/12/2019-01-KiGa-StKonrad-15-1024x769.jpg" alt="" class="wp-image-1334" srcset="http://kindergarten-st-konrad.de/wp-content/uploads/2020/12/2019-01-KiGa-StKonrad-15-1024x769.jpg 1024w, http://kindergarten-st-konrad.de/wp-content/uploads/2020/12/2019-01-KiGa-StKonrad-15-300x225.jpg 300w, http://kindergarten-st-konrad.de/wp-content/uploads/2020/12/2019-01-KiGa-StKonrad-15-768x576.jpg 768w, http://kindergarten-st-konrad.de/wp-content/uploads/2020/12/2019-01-KiGa-StKonrad-15-900x676.jpg 900w, http://kindergarten-st-konrad.de/wp-content/uploads/2020/12/2019-01-KiGa-StKonrad-15.jpg 1199w" sizes="auto, (max-width: 1024px) 100vw, 1024px" /><figcaption>Früh übt sich, wer Meister werden möchte und daher sind bereits die Kleinen zur Kreativität angehalten und werden fachkundig unterstützt.</figcaption></figure>



<figure class="wp-block-image size-large"><img loading="lazy" decoding="async" width="1024" height="769" src="http://kindergarten-st-konrad.de/wp-content/uploads/2020/12/2019-01-KiGa-StKonrad-19-1024x769.jpg" alt="" class="wp-image-1335" srcset="http://kindergarten-st-konrad.de/wp-content/uploads/2020/12/2019-01-KiGa-StKonrad-19-1024x769.jpg 1024w, http://kindergarten-st-konrad.de/wp-content/uploads/2020/12/2019-01-KiGa-StKonrad-19-300x225.jpg 300w, http://kindergarten-st-konrad.de/wp-content/uploads/2020/12/2019-01-KiGa-StKonrad-19-768x576.jpg 768w, http://kindergarten-st-konrad.de/wp-content/uploads/2020/12/2019-01-KiGa-StKonrad-19-900x676.jpg 900w, http://kindergarten-st-konrad.de/wp-content/uploads/2020/12/2019-01-KiGa-StKonrad-19.jpg 1199w" sizes="auto, (max-width: 1024px) 100vw, 1024px" /><figcaption>Hygieneerziehung und Selbständigkeit werden auch in der Krippe bereits gelehrt und geübt. </figcaption></figure>



<figure class="wp-block-image size-large"><img loading="lazy" decoding="async" width="1024" height="769" src="http://kindergarten-st-konrad.de/wp-content/uploads/2020/12/2019-01-KiGa-StKonrad-18-1024x769.jpg" alt="" class="wp-image-1336" srcset="http://kindergarten-st-konrad.de/wp-content/uploads/2020/12/2019-01-KiGa-StKonrad-18-1024x769.jpg 1024w, http://kindergarten-st-konrad.de/wp-content/uploads/2020/12/2019-01-KiGa-StKonrad-18-300x225.jpg 300w, http://kindergarten-st-konrad.de/wp-content/uploads/2020/12/2019-01-KiGa-StKonrad-18-768x576.jpg 768w, http://kindergarten-st-konrad.de/wp-content/uploads/2020/12/2019-01-KiGa-StKonrad-18-900x676.jpg 900w, http://kindergarten-st-konrad.de/wp-content/uploads/2020/12/2019-01-KiGa-StKonrad-18.jpg 1199w" sizes="auto, (max-width: 1024px) 100vw, 1024px" /><figcaption>Entspannung und Ruhe finden die Kleinsten im Schlafraum, der abgedunkelt werden kann und persönlich begleitet wird.</figcaption></figure>



<p></p>
